{"id":174,"date":"2026-01-03T18:51:53","date_gmt":"2026-01-03T17:51:53","guid":{"rendered":"https:\/\/olegal.ca\/?page_id=174"},"modified":"2026-03-06T17:26:54","modified_gmt":"2026-03-06T22:26:54","slug":"francais","status":"publish","type":"page","link":"https:\/\/olegal.ca\/?page_id=174&lang=fr","title":{"rendered":"Fr"},"content":{"rendered":"\n<div class=\"wp-block-buttons is-content-justification-right is-layout-flex wp-container-core-buttons-is-layout-d445cf74 wp-block-buttons-is-layout-flex\">\n<div class=\"wp-block-button\"><a class=\"wp-block-button__link wp-element-button\" href=\"https:\/\/roubawehbeavocateinc.ca.cliogrow.com\/book\" target=\"_blank\" rel=\"noreferrer noopener\">R\u00e9server une consultation<\/a><\/div>\n<\/div>\n\n\n\n<h2 class=\"wp-block-heading\"><strong><mark style=\"background-color:rgba(0, 0, 0, 0)\" class=\"has-inline-color has-contrast-2-color\">\u00c0 propos de O Legal<\/mark><\/strong><\/h2>\n\n\n\n<figure class=\"wp-block-image size-large\"><img loading=\"lazy\" decoding=\"async\" width=\"1024\" height=\"683\" src=\"https:\/\/olegal.ca\/wp-content\/uploads\/2026\/01\/rouba-1024x683.jpg\" alt=\"\" class=\"wp-image-126\"\/><\/figure>\n\n\n\n<p class=\"has-base-2-background-color has-background\">O Legal est un cabinet d\u2019avocats virtuel bas\u00e9 au Canada offrant des services juridiques en droit de l\u2019immigration ainsi que des services de consultation strat\u00e9gique \u00e0 des particuliers, des entreprises et des institutions exer\u00e7ant leurs activit\u00e9s dans des contextes transfrontaliers. Le cabinet combine l\u2019analyse juridique \u00e0 une compr\u00e9hension approfondie des environnements politiques, r\u00e9glementaires et des dynamiques de n\u00e9gociation internationale.<\/p>\n\n\n\n<p class=\"has-base-2-background-color has-background\">O Legal est fond\u00e9 et dirig\u00e9 par Rouba Wehbe, avocate inscrite au Barreau du Qu\u00e9bec et au Barreau de l&#8217;Ontario. Le cabinet s\u2019appuie sur une exp\u00e9rience en droit de l\u2019immigration, en politiques publiques et en affaires internationales, incluant des fonctions de conseil exerc\u00e9es au sein du Parlement du Canada, un enseignement universitaire en droit, ainsi qu\u2019une ma\u00eetrise en affaires internationales (diplomatie et politique \u00e9trang\u00e8re) obtenue \u00e0 la Norman Paterson School of International Affairs (NPSIA).<\/p>\n\n\n\n<h2 class=\"wp-block-heading\"><mark style=\"background-color:rgba(0, 0, 0, 0)\" class=\"has-inline-color has-contrast-2-color\"><strong>Services<\/strong><\/mark><\/h2>\n\n\n\n<p><strong><em>Services juridiques \u2013 Immigration<\/em><\/strong><\/p>\n\n\n\n<p class=\"has-base-2-background-color has-background\">O Legal offre des services juridiques en droit de l\u2019immigration en vertu du droit canadien, avec une approche ax\u00e9e sur l\u2019\u00e9valuation strat\u00e9gique, la conformit\u00e9 et la planification \u00e0 long terme des parcours d\u2019immigration. Les services sont adapt\u00e9s aux circonstances propres \u00e0 chaque dossier et peuvent inclure des services de consultation, de pr\u00e9paration de demandes ou de repr\u00e9sentation, selon la nature et l\u2019\u00e9tendue du mandat. Les services juridiques sont fournis conform\u00e9ment aux obligations professionnelles et r\u00e9glementaires applicables.<\/p>\n\n\n\n<p class=\"has-contrast-2-color has-text-color has-link-color wp-elements-9eccb6bba1bc5c5e03e8a6c8a2ff32f3\"><strong><em>Services-conseils \u2013 Consultation politique et n\u00e9gociations commerciales internationales<\/em><\/strong><\/p>\n\n\n\n<p class=\"has-base-2-background-color has-background\">En compl\u00e9ment des services juridiques, O Legal offre des services de consultation strat\u00e9gique li\u00e9s \u00e0 l\u2019analyse politique, aux politiques publiques et aux n\u00e9gociations commerciales internationales. Ces services s\u2019appuient sur des \u00e9tudes en affaires internationales ainsi que sur une exp\u00e9rience acquise dans des environnements parlementaires et de politiques publiques.<\/p>\n\n\n\n<p class=\"has-base-2-background-color has-background\">Les mandats peuvent inclure des analyses orient\u00e9es vers les politiques publiques, un soutien \u00e0 la pr\u00e9paration de notes de breffage ainsi qu\u2019un accompagnement strat\u00e9gique dans le cadre de processus de n\u00e9gociation ou d\u2019engagement aupr\u00e8s des parties prenantes, y compris des mandats de type projet pour des clients institutionnels ou organisationnels, selon la nature de l\u2019engagement.<\/p>\n\n\n\n<p class=\"has-base-2-background-color has-background\">Ces services sont de nature non juridique et sont offerts s\u00e9par\u00e9ment de toute repr\u00e9sentation juridique.<\/p>\n\n\n\n<h2 class=\"wp-block-heading\"><strong><mark style=\"background-color:rgba(0, 0, 0, 0)\" class=\"has-inline-color has-contrast-2-color\">Affiliations et adh\u00e9sions professionnelles<\/mark><\/strong><\/h2>\n\n\n\n<ul class=\"wp-block-list has-base-2-background-color has-background\">\n<li>Membre,&nbsp;<strong>Barreau du Qu\u00e9bec<\/strong><\/li>\n\n\n\n<li>Membre,&nbsp;<strong>Barreau de l&#8217;Ontario<\/strong><\/li>\n\n\n\n<li>Membre,&nbsp;<strong>Association qu\u00e9b\u00e9coise des avocats et avocates en droit de l\u2019immigration (AQAADI)<\/strong><\/li>\n\n\n\n<li>Membre,&nbsp;<strong>Comit\u00e9 d\u2019\u00e9change Outaouais\u2013Strasbourg<\/strong>, Barreau du Qu\u00e9bec<\/li>\n<\/ul>\n\n\n\n<h2 class=\"wp-block-heading\"><strong><mark style=\"background-color:rgba(0, 0, 0, 0)\" class=\"has-inline-color has-contrast-2-color\">Langues<\/mark><\/strong><\/h2>\n\n\n\n<p>Les services sont offerts en&nbsp;<strong>fran\u00e7ais, anglais et arabe<\/strong>.<\/p>\n\n\n\n<h2 class=\"wp-block-heading\"><strong><mark style=\"background-color:rgba(0, 0, 0, 0)\" class=\"has-inline-color has-contrast-2-color\">Contact<\/mark><\/strong><\/h2>\n\n\n\n<p><a href=\"mailto:rouba@olegal.ca\" target=\"_blank\" rel=\"noopener\" title=\"\">rouba@olegal.ca<\/a><\/p>\n\n\n\n<p>Les consultations sont offertes sur rendez-vous uniquement.<\/p>\n\n\n\n<h6 class=\"wp-block-heading\"><strong><mark style=\"background-color:rgba(0, 0, 0, 0)\" class=\"has-inline-color has-contrast-2-color\">Avis de non-responsabilit\u00e9<\/mark><\/strong><\/h6>\n\n\n\n<p style=\"font-size:0.7rem\">O Legal | Rouba Wehbe Avocate Inc.<\/p>\n\n\n\n<p style=\"font-size:0.7rem\">Les informations contenues sur ce site sont fournies \u00e0 titre informatif seulement et ne constituent pas un avis juridique. La consultation de ce site ou la prise de contact avec le cabinet ne cr\u00e9e pas de relation avocat-client.<\/p>\n","protected":false},"excerpt":{"rendered":"<p>\u00c0 propos de O Legal O Legal est un cabinet d\u2019avocats virtuel bas\u00e9 au Canada offrant des services juridiques en droit de l\u2019immigration ainsi que des services de consultation strat\u00e9gique \u00e0 des particuliers, des entreprises et des institutions exer\u00e7ant leurs activit\u00e9s dans des contextes transfrontaliers. Le cabinet combine l\u2019analyse juridique \u00e0 une compr\u00e9hension approfondie des [&hellip;]<\/p>\n","protected":false},"author":1,"featured_media":0,"parent":0,"menu_order":0,"comment_status":"closed","ping_status":"closed","template":"","meta":{"om_disable_all_campaigns":false,"_monsterinsights_skip_tracking":false,"_monsterinsights_sitenote_active":false,"_monsterinsights_sitenote_note":"","_monsterinsights_sitenote_category":0,"footnotes":""},"class_list":["post-174","page","type-page","status-publish","hentry"],"aioseo_notices":[],"_links":{"self":[{"href":"https:\/\/olegal.ca\/index.php?rest_route=\/wp\/v2\/pages\/174","targetHints":{"allow":["GET"]}}],"collection":[{"href":"https:\/\/olegal.ca\/index.php?rest_route=\/wp\/v2\/pages"}],"about":[{"href":"https:\/\/olegal.ca\/index.php?rest_route=\/wp\/v2\/types\/page"}],"author":[{"embeddable":true,"href":"https:\/\/olegal.ca\/index.php?rest_route=\/wp\/v2\/users\/1"}],"replies":[{"embeddable":true,"href":"https:\/\/olegal.ca\/index.php?rest_route=%2Fwp%2Fv2%2Fcomments&post=174"}],"version-history":[{"count":30,"href":"https:\/\/olegal.ca\/index.php?rest_route=\/wp\/v2\/pages\/174\/revisions"}],"predecessor-version":[{"id":258,"href":"https:\/\/olegal.ca\/index.php?rest_route=\/wp\/v2\/pages\/174\/revisions\/258"}],"wp:attachment":[{"href":"https:\/\/olegal.ca\/index.php?rest_route=%2Fwp%2Fv2%2Fmedia&parent=174"}],"curies":[{"name":"wp","href":"https:\/\/api.w.org\/{rel}","templated":true}]}}